41 = 2*u - 115. List the prime factors of u.
2, 3, 13
Suppose 2*h = -3*j + 3*h + 17, 2*j - 5*h + 6 = 0. Let i = -10 - -7. Let w = i + j. List the prime factors of w.
2
Let l(y) = 20*y + 6. Let p be l(-5). Let j be 2/(-2) - p/2. Suppose 3*x + x + 5*w = j, 0 = -5*x + 5*w + 35. What are the prime factors of x?
3
Let u(c) = 0*c + 5 - 2 - c + 0*c. What are the prime factors of u(-3)?
2, 3
Let i be (-1)/((7/2)/(-7)). Suppose 4*h - 21 = l, i*l + 25 = -3*l. List the prime factors of h.
2
Suppose 0 = -5*c - 2*s + 315, -3*c + 5*s = -169 - 51. What are the prime factors of c?
5, 13
Let c be 9/12 - (-9)/(-12). Suppose 2*n - 82 = -2*b, -2*n - 3*b + 81 + 5 = c. List the prime factors of n.
37
Suppose 0 = -x - 2*x. Let n be x - 3*(-3 + 2). Suppose -n*v = -4*q + 7*q - 6, 3*v = 0. List the prime factors of q.
2
Let x(t) = t**3 - 18*t**2 + 16*t + 6. Let q be x(17). List the prime factors of 0 - -1 - 22/q.
3
List the prime factors of 4/(-6) + (-10784)/(-48).
2, 7
What are the prime factors of (7/(-21))/((-1)/(-3))*-4?
2
Let t(s) = -2*s + 58. Let y be t(0). Suppose -y = -4*f - 2*g, -f - 26 = -3*f - 2*g. List the prime factors of f.
2
Let c(t) = -t + 2*t**2 + 0 + 2*t - t**2 - 4. Let i be c(-5). Suppose -2*p - i = -5*w + p, 0 = 4*w + p - 23. List the prime factors of w.
5
Suppose 4*z = -z + 10. Suppose 149 = 5*u - 4*x, u + 13 = z*u - 5*x. List the prime factors of u.
3, 11
Suppose f = -0*f - 3. What are the prime factors of (151 - 3)/4 + f?
2, 17
Let s(d) be the third derivative of d**5/10 + d**4/24 - 2*d**2. Let t be s(-1). Suppose t*p - 2 = -2*q, q + p + 2*p = 0. What are the prime factors of q?
2, 3
Let d(h) = 16*h**3 - h**2 - h + 1. Let o be ((-5)/(-10))/(2/4). List the prime factors of d(o).
3, 5
Let f = -106 + 173. List the prime factors of f.
67
Suppose 2*n - 162 = -3*k + k, 2*n = -k + 83. List the prime factors of k.
79
Suppose -5 = 2*y + 1, 2*y = h - 148. List the prime factors of h.
2, 71
Let q be 2/7 - (-60)/(-14). Suppose -4*s + 18 = -s. Let d = q + s. List the prime factors of d.
2
Suppose -155 = -5*t + 15. Suppose -u + 1 = t. Let x = -12 - u. List the prime factors of x.
3, 7
What are the prime factors of ((-72)/(-3))/((-1)/(-1))?
2, 3
Suppose -5*s = -0*s - 45. Suppose 2*l + k + 0 - s = 0, -k - 33 = -5*l. What are the prime factors of l?
2, 3
Let f = 3 + -1. What are the prime factors of f?
2
Suppose -4 = -3*t - 13. List the prime factors of 46 + (t - -1)*2.
2, 3, 7
Let h(m) = -m**3 + m**2. Let f be h(-1). Suppose f*z + 9 = -z, 0 = -5*n + 4*z + 37. What are the prime factors of n?
5
Suppose 11 + 0 = -b. What are the prime factors of (-196)/b + (-2)/(-11)?
2, 3
Suppose -v - 5*r = -28, v - 7*r + 7 = -5*r. Suppose -v*c - 2*i = -12, 6*i + 6 = 4*i. What are the prime factors of c?
2, 3
Suppose -4*h + 2 = 3*t - 8, 4*t = 4*h - 24. What are the prime factors of h?
2
Suppose 3*z - 7*z + 948 = 0. What are the prime factors of z?
3, 79
Suppose -g + 1 + 4 = 0. Suppose g*q - q - 28 = 0. What are the prime factors of q?
7
Let n(b) = -5*b**2 + 13*b - 7. Let x(m) = m**2 - 3*m + 2. Suppose 0 = s + s + 18. Let v(l) = s*x(l) - 2*n(l). List the prime factors of v(-5).
2
Let z(d) = -3*d**3 + d**2 + d + 1. Let i be z(-1). Let p be 0 + 3 + 0/6. Suppose -16 = -h + i*b, p*h = 6*h - b - 15. What are the prime factors of h?
2
Let r(k) = 3*k**2 + 10*k - 8. List the prime factors of r(3).
7
Let x be (-6)/3 + 1 + 3. Suppose 0 = 4*h - 8 - 4, 2*k + 4*h - 50 = 0. Suppose 5*g = x*s - 36, 4*s + 3*g - 1 - k = 0. What are the prime factors of s?
2
Let z = -1 - -5. What are the prime factors of 8*(18/z)/3?
2, 3
List the prime factors of 19 + 1 + (3 - 2).
3, 7
Suppose o - 125 = -4*o. Suppose -85 = -5*v - o. List the prime factors of v.
2, 3
Let t be -10*(-2)/(-4)*1. Let y(r) = r**2 + 3*r + 3. What are the prime factors of y(t)?
13
Let q be -1 - (-3 - (-2 + 2)). List the prime factors of q + 0 + 164/4.
43
Suppose -5*l + 95 = -115. Let j = 61 - l. What are the prime factors of j?
19
Suppose 83 - 7 = 4*w. What are the prime factors of w?
19
Let s(d) = -2*d**2 + 29*d + 13. Let l(z) = -z**2 + 14*z + 6. Let i(n) = -13*l(n) + 6*s(n). Let y be i(11). Let a = y - 10. What are the prime factors of a?
23
Let z(w) = 93*w**2 - 3*w - 2. List the prime factors of z(-1).
2, 47
Suppose 0 = -2*i + 217 - 31. List the prime factors of i.
3, 31
What are the prime factors of 2 + 1 - -1*176?
179
Let n(i) = -18*i**3 - i. Suppose 3*m - 4 = 8. Let h = m + -5. What are the prime factors of n(h)?
19
Let g(t) = 8*t**2 + 4*t + 2. List the prime factors of g(-2).
2, 13
Suppose -4*o = -m, -4*m + m + 5*o = 0. List the prime factors of 10 - (1 - (2 + m)).
11
Let b be (-5)/(1*(-3)/27). Suppose b = c + 4*c. What are the prime factors of c?
3
Let p be (9/(-3))/(-6)*4. Suppose -b + p = 0, 0*n - n = b - 13. What are the prime factors of n?
11
Suppose 136 = -2*a + 6*a. Let i = a - 14. What are the prime factors of i?
2, 5
Suppose 4*o = o - 6. Let x(n) = n + 6. Let t(h) = 3*h + 13. Let y(r) = o*t(r) + 5*x(r). List the prime factors of y(-6).
2, 5
Let u = 19 - 10. Suppose 0 = -o - k + 7, -2*o + 3*k + u = 0. Suppose -4*p - o*h = -2*h - 20, -5*p = 2*h - 19. List the prime factors of p.
3
Let r be (16/6)/((-14)/(-21)). Suppose 1 = -r*l + 9. Suppose 2*p - 68 = -l*p. What are the prime factors of p?
17
Suppose 2*t - 25 = 3. Let w(s) = s**3 - 14*s**2 + s + 10. What are the prime factors of w(t)?
2, 3
Suppose -2*a + 16 = -f + 3*f, 4*a - 26 = -2*f. Let s(n) = -n**3 - 8*n**2 + 8*n - 9. Let b be s(-9). Suppose 12 = -b*x + f*x. What are the prime factors of x?
2
Suppose -4*p - 4*i + 100 = 0, 64 = 4*p + 2*i - 40. What are the prime factors of p?
3
Suppose 26 - 8 = 2*a. Let o(g) = g**3 - 10*g**2 + 5*g - 9. Let x be o(a). List the prime factors of 34/9 + (-10)/x.
2
Let f(o) = o**2 + 2*o - 1. Let d be 15/4 + (-6)/8. List the prime factors of f(d).
2, 7
Let c = -79 + 122. What are the prime factors of c?
43
Let b(r) = -r**2 + 2 + 4*r**2 - r**2 + 6*r - 5. What are the prime factors of b(-5)?
17
Suppose -20 = -0*u - 2*u. Let l = 22 - u. List the prime factors of l.
2, 3
Let q = 3 - 40. Let h = q + 56. What are the prime factors of h?
19
Let f(z) = -z**3 + 6*z**2 + 4*z + 2. Let n be f(7). Let c = 2 - n. What are the prime factors of c?
3, 7
Suppose i = -i + 8. Suppose -3*f = f - i. List the prime factors of (f - -7) + -1 + 0.
7
Let p(b) = -b**3 - b**2 + 2*b - 5. Let f be p(-5). Suppose 0 = -5*s - 0*s + f. List the prime factors of s.
17
Let z = 6 - 0. Let x be 2*3/z - -25. Let t = 37 - x. What are the prime factors of t?
11
Suppose -2*j = u + 8, j + 0 + 4 = -2*u. Suppose -3 = -3*c, -2*m = -u*m - 5*c + 1. What are the prime factors of m?
2
Let p(i) = -i**3 + 6*i**2 + 8*i - 3. Let u be p(7). Let j = u + -1. What are the prime factors of j?
3
Suppose -f - 4*f = -n - 33, -5*f + 21 = 3*n. Let t(l) be the second derivative of -l**4/12 + 7*l**3/6 + 7*l**2/2 + 2*l. List the prime factors of t(f).
13
Let r = 15 - -14. What are the prime factors of r?
29
Suppose 22*o + 1200 = 28*o. List the prime factors of o.
2, 5
What are the prime factors of (1 + (-3 - 5))/(-1 + 0)?
7
Suppose 0 = -c - 5 - 1. Let q be (c/(-9))/(2/3). Suppose 4 = s + q. What are the prime factors of s?
3
Suppose -r - f = -6*r + 32, 6 = -3*f. Let u be 32/r - (-1)/(-3). What are the prime factors of ((-2)/(-4))/(u/80)?
2
Suppose -y - 5*j = 21, 19 = y - 7*j + 4*j. Suppose -5*f = -y*f - 5. Suppose q - 20 = 4*z, 0 = 2*q - f*q + 2*z + 30. List the prime factors of q.
2
Let u = -271 - -463. What are the prime factors of u?
2, 3
Suppose d = -4*d + 280. List the prime factors of d.
2, 7
Suppose 7*q + q - 624 = 0. What are the prime factors of q?
2, 3, 13
Let s(o) = -6*o**2 + 2*o + 9. Let t(m) = 5*m**2 - 3*m - 9. Let f = 1 - -3. Let x(h) = f*s(h) + 5*t(h). What are the prime factors of x(9)?
3
What are the prime factors of 2/(-4)*(-319 + 5)?
157
Let h(g) = -g**3 + 14*g**2 + 14. List the prime factors of h(14).
2, 7
Let p be (-4)/(-2 + 5/2). Let b(v) = 2*v**3 - 7*v**2 + 6*v + 3. Let t(w) = -w**3 + w + 1. Let r(n) = -b(n) - 3*t(n). List the prime factors of r(p).
2
Let c = -5 + 2. List the prime factors of c + (-2 - -15) + -3.
7
Suppose -a - 5 = 4*y, -3*y = -5*a + 19 + 25. Let k = -1 + 6. Let c = k + a. List the prime factors of c.
2, 3
Suppose -2*p = -4*p + 634. What are the prime factors of p?
31